- 3859. Calculate the remainder when 14/(-2)*(-240)/56 is divided by v.
8
Let f = 2082 - 2005. Let q be 10/(-25) - (-404)/10. Suppose -a = 3*i - 81 + 21, q = 2*i - 3*a. Calculate the remainder when f is divided by i.
17
Suppose g - 7 + 8 = 0. What is the remainder when 94 is divided by g*(3 - 17) - -2?
14
Let x = -7511 + 7987. What is the remainder when x is divided by 13?
8
Let y be (-90)/(-27)*(-6)/(-10). Suppose 0 = -4*n - 12, -2*a + 6*a - 18 = -y*n. Calculate the remainder when 38 is divided by a.
2
Let l(p) = 204*p**2 + 4*p - 4. Let z be l(1). Suppose -7*k = -83 - z. Let r(d) = -d + 10. What is the remainder when k is divided by r(-4)?
13
Suppose -23 = 2*t + 7. Let b be (55/t + 4)/((-2)/(-12)). Suppose b*j - 130 = -3*j. Calculate the remainder when 99 is divided by j.
21
Let q(r) = -2*r**3 + 37*r - 4. What is the remainder when 223 is divided by q(4)?
15
Let h(c) = -4*c**3 + 17*c**2 - c + 1. Let k(o) = -8*o + 19. Let l be k(2). Calculate the remainder when h(l) is divided by 9.
7
Suppose 5*l - 7*l = -2*w - 172, -3*w + 74 = l. Suppose 10 = 2*c, -82 = -5*x + 4*c + l. Calculate the remainder when 42 is divided by x.
5
Let u(k) = 3*k**2 + 72*k + 754. What is the remainder when u(-26) is divided by 178?
20
Let o(l) = 2*l**3 + l**2 - 3*l - 5. Let c be o(4). Let d = -67 + c. Calculate the remainder when d is divided by 21.
18
Suppose j - 10 = -35. Let u be (-3 - j/10)/(1/(-62)). Suppose -7*y = -6*y - u. What is the remainder when 90 is divided by y?
28
Let m(h) = 673*h + 72. What is the remainder when m(1) is divided by 260?
225
Let b(n) = -8*n - n**2 - 10 - 26*n - 49 + 16. What is the remainder when b(-32) is divided by 1/(-3)*0 - -9?
3
Let j(n) = -n**3 + 69*n**2 - 618*n - 19. What is the remainder when 6430 is divided by j(11)?
199
Suppose -2*w - 26 = -5*z, w = -2*w - 9. Let d = -1550 - -1558. What is the remainder when d is divided by z?
0
Suppose 0 = 11*q - 121*q + 1026630. What is the remainder when q is divided by 26?
25
Suppose 196*o = 193*o + 1296. Calculate the remainder when o is divided by (4/8 + 2)*6.
12
Suppose 5*q - 8*q = 0. Let b(t) = t**3 + t**2 + t + 14. Let n be b(q). What is the remainder when 2/n + 1 + 370/7 is divided by 19?
16
Suppose -3*s = -4*v + 9, 3*s - 5*s + 11 = 3*v. Suppose -33 = -3*i - 3*m, -i - v*i + 39 = 5*m. What is the remainder when i is divided by 4/(-4) - (0 - 5)?
0
Let t(v) = v**2 - 9*v - 66. Let o be t(14). Suppose 0 = -o*u - 2*s + 36 + 14, 10 = 2*s. What is the remainder when 38 is divided by u?
8
Suppose -3*y = 4*h - 29, -5*y = 2*h + h - 30. Let q = 46 - 43. What is the remainder when h is divided by q?
2
Let p = 509 + -340. Suppose -4*l + 72 = 2*k, l - 2*l = 4*k - 137. What is the remainder when p is divided by k?
33
Let c = 319 + -124. Let r = c - 138. Suppose -5*m + 145 = 5*q, -m - r + 179 = 4*q. Calculate the remainder when 121 is divided by q.
28
Let o = 1831 - 1755. Calculate the remainder when 553 is divided by o.
21
Let k(s) = 2*s**2 + 109*s + 1276. What is the remainder when 1017 is divided by k(-38)?
5
Let o(u) = u**3 - 23*u**2 - 115*u - 31. What is the remainder when o(28) is divided by 97?
87
Suppose 3*d = -15 + 63. Suppose 2*j + d = -2*j, 4*m = -2*j + 152. Calculate the remainder when (-1)/(m/14 - 3) is divided by 7.
0
Let u = 23 - 13. Suppose 18*w - 19*w = 5*y - 231, 2*y - 2*w - 78 = 0. What is the remainder when y is divided by u?
5
What is the remainder when 1098 is divided by (1496/(-40))/(-17)*100?
218
Let r(v) = 75*v - 326. Let u be r(6). What is the remainder when 56/(-5)*(-310)/u is divided by 8?
4
Let t(b) be the third derivative of 13/6*b**3 - 1/24*b**4 + 0 + 11*b**2 - 1/60*b**5 + 1/120*b**6 + 0*b. Calculate the remainder when 140 is divided by t(0).
10
Let z(g) = -g**2 + 7*g + 12. Let x be (-1 + 3/4)*(52 + -80). What is the remainder when z(x) is divided by 3?
0
Let c = 20263 + -20175. Calculate the remainder when 185 is divided by c.
9
Suppose 4*z + 382 = -q - 409, 4*z - 4*q = -776. Let v = z - -284. Calculate the remainder when v is divided by 22.
21
Suppose 0 = -17*s + 93 - 25. Suppose -j + 3*j - 2*r = 148, -j = s*r - 79. What is the remainder when 291 is divided by j?
66
Let d = 278 + -270. Let x(b) = -b**3 + 9*b**2 - 6*b + 5. Calculate the remainder when x(d) is divided by 1.
0
Let v(s) = -s**3 + 49*s**2 + 173*s - 224. Calculate the remainder when v(51) is divided by 50.
47
Let u(i) = -i**2 - 3*i + 2. Let w be u(7). Let p = -1088 + 1153. Calculate the remainder when p is divided by w*(15/(-6) - -2).
31
Let w be ((-30)/40)/((-12)/(-32)). Suppose 2*b = -3*i + 160, -2*b + 314 = 2*b + 3*i. Let j = b + w. Calculate the remainder when j is divided by 20.
15
Let h = 2168 + -2163. Calculate the remainder when 322 is divided by h.
2
Let k(r) = r**3 + 9*r**2 + 13*r - 3. Let d be k(-6). Let f be 4 - (5*d)/(-3). Suppose 0 = -5*j + f + 6. What is the remainder when 31 is divided by j?
9
Let c be 2/(-12) + 380/120. Suppose 0*b = -b + 19. What is the remainder when b is divided by (5/c)/(-2 + (-205)/(-90))?
1
Let n = 854 - 744. Suppose n*q + 518 = 117*q. Calculate the remainder when q is divided by 31.
12
Let t = 7209 - 7167. Calculate the remainder when 97 is divided by t.
13
Let q(o) = -84*o**3 - 5*o - o**2 + 68 - o**2 - 73 - 2*o - 18*o**3. What is the remainder when q(-1) is divided by 43?
16
Suppose -i + 4*b = -57, 5*i + 2*b - 224 - 105 = 0. Let w = 2297 + -1584. What is the remainder when w is divided by i?
63
Let g = -143 + 208. Suppose 13 = 24*h - 25*h. Let n(o) = -o**2 - 13*o + 18. Calculate the remainder when g is divided by n(h).
11
Let t = 16 - 15. Suppose -f = -t, q - 49 = f + 52. What is the remainder when q is divided by 53?
49
Let c = -51 + 58. Let n(b) = b**3 + 17*b**2 - 6*b + 14. Calculate the remainder when n(-17) is divided by 42 - ((-2)/c - (-64)/28).
36
Let u = 66 + -45. Let m(f) = -6*f - 32. Let x be m(-12). Suppose -2*o + 0*l + 4 = 2*l, -4*l - x = -4*o. Calculate the remainder when u is divided by o.
3
Let v = 57876 - 57702. Let i = -27 - -72. What is the remainder when v is divided by i?
39
Suppose -85*k = -115*k - 71*k + 1616. What is the remainder when (-3)/15*122*-5 is divided by k?
10
Suppose -8*b - 276 + 2391 - 251 = 0. Calculate the remainder when 243 is divided by b.
10
Suppose 4*b = -2*u + 1384, 4*u + 10*b - 9*b - 2740 = 0. Calculate the remainder when u is divided by 215.
39
Calculate the remainder when (14/(-3))/(-2*17/255) is divided by (12/(-9))/((-8)/24).
3
Suppose -354 = -v + 3*u, 4*u + 1052 = 15*v - 12*v. What is the remainder when 353 is divided by v?
5
Suppose 160*o = 2790 + 1989 - 1579. What is the remainder when 95 is divided by o?
15
Suppose 3*h - 1573 - 48 = -z, -5*h - z = -2703. Calculate the remainder when h is divided by 16.
13
Suppose -4*a - 4*c = -480, -27 + 3 = 4*c. What is the remainder when 1375 is divided by a?
115
Let r = 2065 - 2053. Calculate the remainder when 244 is divided by r.
4
Suppose -12152 = -5*n - 3*c + 2262, 2*c = -n + 2880. What is the remainder when n is divided by 19?
15
Let h = 131 - 65. Suppose 0 = -7*o + 5*o - 12. Calculate the remainder when h is divided by ((-3)/((-36)/68))/((-2)/o).
15
Let b(v) = 5*v**2 + 4*v + 14. Suppose -2*s + 242 = 2*f - 0*f, 3*f = s + 351. Suppose f*j - 113*j - 200 = 0. What is the remainder when b(-4) is divided by j?
38
What is the remainder when 75278/285 + 2/(-15) is divided by 34?
26
Suppose -d + 129 = 47. Suppose 3*k = 2*h - 66, -k = 4*h - d - 78. What is the remainder when 113 is divided by h?
35
Let h(w) = -w**3 - 25*w**2 + 17*w - 136. What is the remainder when 111 is divided by h(-26)?
13
Let o = 6208 - 6049. What is the remainder when 747 is divided by o?
111
Let t(r) = 2*r**2 + 54*r + 24. Let h be t(-25). What is the remainder when 122 is divided by 19/h + 507/12?
38
Suppose 3*q = 9, 241*s - 244*s + 1176 = -5*q. Calculate the remainder when s is divided by 199.
198
Suppose 1517 + 1525 = -9*h. Let f = -186 - h. Suppose 12*z - 2*c = 8*z + f, 2*z - 3*c - 76 = 0. What is the remainder when 151 is divided by z?
37
Let v(u) = 16*u**2 + 707*u + 1417. Calculate the remainder when 1471 is divided by v(-2).
64
Let k(d) = -d**3 + 31*d**2 - 32*d + 63. Let r be k(30). Suppose 5*q + 195 = r*s + q, -5*s + 5*q = -325. What is the remainder when 177 is divided by s?
47
Let o = 65 - 32. Calculat